s 750166331 a prime number?
True
Is 15304244239 a prime number?
True
Is 1986631667 a prime number?
True
Is 547597949 a composite number?
False
Is 195377263 composite?
True
Is 403026661 composite?
False
Is 2471362717 a composite number?
False
Is 9563670821 a prime number?
True
Is 14229004219 a composite number?
False
Is 5571460009 a composite number?
False
Is 4983117397 a prime number?
False
Is 28320236069 prime?
True
Is 1378211479 a composite number?
True
Is 1160235439 composite?
True
Is 165475253 a prime number?
True
Is 617505743 prime?
True
Is 8437139803 a prime number?
True
Is 1571846161 a composite number?
True
Is 258039087511 prime?
True
Is 33462679619 a composite number?
True
Is 46174725929 composite?
True
Is 2142700214 a composite number?
True
Is 906824407 composite?
True
Is 6633510973 composite?
False
Is 512773631 a composite number?
False
Is 1565502811 a composite number?
False
Is 27630768901 a prime number?
False
Is 14925038879 composite?
False
Is 19736438581 a prime number?
True
Is 4627126733 composite?
False
Is 5804954009 composite?
True
Is 30290860199 composite?
False
Is 12905867003 prime?
True
Is 22215694 a composite number?
True
Is 1184038343 a prime number?
False
Is 63932191 prime?
True
Is 852064933 a composite number?
True
Is 216950759 prime?
False
Is 908401231 a composite number?
False
Is 484155341 composite?
False
Is 1327359211 composite?
False
Is 900620387 composite?
True
Is 8116651057 composite?
False
Is 6228759307 a composite number?
False
Is 368551637 composite?
False
Is 845771023 composite?
False
Is 5474061849 prime?
False
Is 16734555049 a composite number?
True
Is 3081132851 composite?
False
Is 77143726991 a composite number?
True
Is 129631441 prime?
True
Is 15705427163 a prime number?
True
Is 20880695887 composite?
True
Is 298946957 composite?
False
Is 42748846347 prime?
False
Is 17783039947 prime?
True
Is 35958835427 a prime number?
True
Is 7991784239 a prime number?
True
Is 956345947 a prime number?
True
Is 688455431 composite?
True
Is 51869369597 prime?
False
Is 12024783811 a prime number?
True
Is 733554719 composite?
False
Is 20774057 composite?
True
Is 1715361233 a composite number?
False
Is 25461769429 prime?
True
Is 197235085483 composite?
False
Is 3235494007 prime?
True
Is 2515680413 composite?
False
Is 1709283503 a prime number?
True
Is 1360732447 prime?
True
Is 6913190773 a prime number?
True
Is 41519677 prime?
False
Is 17761575701 a prime number?
True
Is 5257411249 a prime number?
True
Is 41571195811 composite?
True
Is 37419292969 composite?
True
Is 15240188335 prime?
False
Is 112623326489 a prime number?
False
Is 492981403 prime?
False
Is 114136327087 prime?
True
Is 23666748929 composite?
False
Is 153901057389 a prime number?
False
Is 2671087501 composite?
False
Is 83401057 prime?
False
Is 10383907141 a prime number?
True
Is 1114544495 a prime number?
False
Is 3937517803 a prime number?
True
Is 4386287023 a prime number?
True
Is 12489676729 a composite number?
True
Is 2667284701 a prime number?
True
Is 2296965571 a composite number?
False
Is 1194584987 composite?
True
Is 985392739 a prime number?
True
Is 666544289 a prime number?
True
Is 538154821 a prime number?
True
Is 100974763 composite?
False
Is 3310850593 a prime number?
False
Is 3472129957 a composite number?
False
Is 1722451741 prime?
False
Is 76571267 prime?
False
Is 27953391859 prime?
False
Is 151368433 prime?
False
Is 72602323869 a composite number?
True
Is 562789603 a composite number?
False
Is 102252803 a prime number?
True
Is 3957415663 prime?
False
Is 3372490381 prime?
False
Is 2807036929 a composite number?
False
Is 560648501 a composite number?
True
Is 27935934959 prime?
True
Is 1501509157 composite?
False
Is 33223148017 a prime number?
True
Is 1215514931 a composite number?
True
Is 1608660281 a composite number?
False
Is 121057723 a prime number?
True
Is 14046966517 prime?
True
Is 3492999101 a prime number?
False
Is 24744462571 prime?
True
Is 1236811007 prime?
False
Is 132244301 composite?
True
Is 1256871937 composite?
True
Is 856721057 prime?
False
Is 1810161763 a composite number?
True
Is 3078782633 a prime number?
False
Is 1298560951 a composite number?
True
Is 39070716281 prime?
True
Is 49019107003 composite?
False
Is 178058147 composite?
True
Is 179784091 prime?
False
Is 51828568643 prime?
True
Is 15494489 a composite number?
True
Is 18620271277 prime?
False
Is 33788860579 composite?
False
Is 1346089351 composite?
False
Is 37989499913 a prime number?
False
Is 15323806877 a prime number?
True
Is 2275029941 a composite number?
True
Is 13910296159 composite?
False
Is 37600981673 composite?
False
Is 23780892719 a prime number?
False
Is 2616613729 a composite number?
False
Is 77300209 prime?
False
Is 5266755877 a prime number?
True
Is 100550115671 composite?
False
Is 1313363083 composite?
False
Is 198993542923 composite?
True
Is 98719199 prime?
False
Is 7790832739 prime?
False
Is 319456811 a composite number?
True
Is 45902086 composite?
True
Is 25508553743 prime?
True
Is 9092274998 prime?
False
Is 685397477 composite?
False
Is 64659140593 a prime number?
True
Is 41950837043 a prime number?
True
Is 7255414583 a prime number?
False
Is 1661801033 a composite number?
False
Is 1613840561 composite?
True
Is 47112915281 a composite number?
True
Is 25013369431 a prime number?
True
Is 14475294007 a prime number?
False
Is 4969600831 a composite number?
True
Is 2608218581 a composite number?
False
Is 2509307303 prime?
True
Is 946833115 a composite number?
True
Is 4886629837 prime?
False
Is 2074404139 prime?
True
Is 501762821 composite?
True
Is 479698781 a prime number?
True
Is 1278115247 a prime number?
False
Is 862075891 prime?
False
Is 69257329745 a composite number?
True
Is 3105770827 a composite number?
True
Is 7822920283 a prime number?
True
Is 3620693689 a prime number?
False
Is 2697044377 composite?
True
Is 3947644427 prime?
False
Is 58523007 prime?
False
Is 255554474915 prime?
False
Is 5260629581 a composite number?
False
Is 311018153 prime?
True
Is 12660141103 prime?
False
Is 7819376129 prime?
True
Is 23428884442 prime?
False
Is 43047759343 a composite number?
True
Is 74574589399 composite?
True
Is 365021003 prime?
True
Is 2842086431 prime?
False
Is 1086485537 a prime number?
True
Is 28721417 composite?
True
Is 1658175371 a prime number?
True
Is 28734779 composite?
True
Is 2261620033 composite?
False
Is 1222581533 prime?
True
Is 153600955861 composite?
False
Is 1159471949 prime?
False
Is 2958393511 composite?
False
Is 5712987029 a prime number?
True
Is 2656177999 prime?
True
Is 13033526837 composite?
False
Is 2188708597 a prime number?
True
Is 107316753979 prime?
False
Is 1809078787 composite?
True
Is 1050953551 a prime number?
True
Is 14379443543 prime?
True
Is 417592759 a composite number?
True
Is 356523803 a prime number?
True
Is 47388852929 a prime number?
False
Is 323259865 prime?
False
Is 1782988913 composite?
True
Is 10810751981 prime?
True
Is 473022843 a prime number?
False
Is 6104475809 a prime number?
True
Is 46173594931 a composite number?
True
Is 61438629211 a composite number?
True
Is 167392998613 prime?
True
Is 468649087 a composite number?
False
Is 6564996187 prime?
False
Is 107894827 prime?
True
Is 317837939 prime?
True
Is 6725272487 prime?
True
Is 4658760463 composite?
True
Is 3507711891 prime?
False
Is 25535392391 a composite number?
False
Is 166843379 a prime number?
True
Is 30802887617 a prime number?
True
Is 4278341927 composite?
True
Is 398518465 a prime number?
False
Is 714180487 composite?
False
Is 73725838841 a prime number?
True
Is 7999332797 a prime number?
True
Is 200372167009 composite?
True
Is 294853073 a prime number?
True
Is 78251813313 a prime number?
False
Is 17084191 a prime number?
False
Is 1473795721 composite?
True
Is 21028974709 prime?
False
Is 5161812179 a composite number?
False
Is 976752713 a prime number?
True
Is 18755123951 a prime number?
False
Is 2333210119 a composite number?
False
Is 1555574921 a prime number?
True
Is 25864975433 a prime number?
False
Is 306604037 composite?
True
Is 153851507 a prime number?
True
Is 7257221723 composite?
False
Is 2057738257 a prime number?
True
Is 1016473921 prime?
False
Is 27480310267 a composite number?
False
Is 68363181223 prime?
False
Is 6283580089 a 